 the value of -10 + -14 + (11 - -1) + 12 - 25?
-25
What is (-6 - 16) + (-2 - (-18 - (-5 + -1 + -1)))?
-13
What is 21 + (-10 - -22 - (7 - 13))?
39
What is -12 + (57 - 69 - (-8 - (0 + 3)))?
-13
Calculate -29 + (3 - 5) + (25 - -1).
-5
Calculate (16 + (7 - 24) - -9) + -1.
7
-10 + (27 - 28 - (1 + 2)) + -72 + 46
-40
What is the value of -20 - -13 - (-51 + 2)?
42
Evaluate 73 - ((89 - 64) + 7).
41
Evaluate -59 + (44 - 19) + -22.
-56
Evaluate 582 - 722 - (4 - 93).
-51
What is 2 + 76 + (-43 - -1) + 2429 + -2397?
68
12 + -8 + 4 + (17 - (6 + -64))
83
What is -8 - (8 - 0) - (-96 - -32)?
48
What is the value of 58 + -58 - (-51 - (4 - 0) - 5)?
60
What is the value of 46 + -3 + (179 - 239)?
-17
What is 5 - (20 - 12 - 32)?
29
What is the value of (2 - 17) + 87 + -76 + 23?
19
-16 + (-15 + (0 - -1) - 0) + 8
-22
Evaluate -46 + 33 + -1 + 58.
44
What is the value of (175 - 152 - (-4 - 2)) + (1 - 10)?
20
What is (-53 + -58 - -45) + 170?
104
-38 + 120 + -6 + -31
45
What is the value of 10 + (-37 - (4 + -1 + -1 + 0) - -8)?
-21
Calculate -109 + (-3 + 5 - -2) - (56 + -22 + -28).
-111
What is (11 - 1) + (-62 - -22 - -69) + 0?
39
What is the value of -1 - (0 - 28) - (25007 + -24903)?
-77
What is the value of (5 - (-18 - 5)) + -35 + 48?
41
What is -6 - (-732 - -719 - (-2 + -129 + -3 - 2))?
-129
What is -43 - (17 + -3) - (16 - 24 - 13)?
-36
What is (15 - (1 + 3 - (3 - 3))) + -12?
-1
Calculate 38 - -17 - 38 - (4 - -14) - (-41 + -1).
41
Evaluate (-17 - (5 - -5)) + -20 + 9 - -2.
-36
Evaluate (-180 + 64 - -38) + 12 + 4 + -4.
-66
Evaluate 6 + (-162 - -89) + (9 - (4 - 7)).
-55
What is (22 - (-15 - -4)) + -12 - 7?
14
What is the value of -2 - (78 + -62) - (0 + 2) - 12?
-32
-66 + 97 + -31 + (54 - (1 - (1 + 0)))
54
Evaluate (-108 - -99) + (95 - 1 - 1 - (6 - 3)).
81
Calculate -3 + -2 + 4 + 4 + -52 + (2 - 3).
-50
(-13 + 33 + -29 - (3 - 1)) + (17 - 76)
-70
-2 + 1 + -41 + (-13 - -48) + -42
-49
What is 27 + (0 - -1) + (176 - 168) + -17?
19
Calculate -31 - (27 + -93 + 15).
20
What is the value of -166 + 128 - (-81 - -7)?
36
What is (12 + 6 + (-17 - -15) - 123) + -1 + -2?
-110
Calculate (-21 - (17 + -47 - -69)) + (2 - 14).
-72
(11941 - 11918) + -136 + 4 + -2
-111
What is the value of 59 - -3 - (4509 - 4452)?
5
Calculate (-3 - 22) + -118 + (107 - 22).
-58
What is (6 - 0) + 72 + -78 - 21?
-21
Evaluate (5 - 9) + 13 - (-14 - (52 - 27)).
48
What is the value of (214 - 198) + (4 - 1) + -53?
-34
-17 + (12 + (-31 - -14) - -17) + 64
59
Evaluate (3 - 45) + (-49 - -90) + -42.
-43
What is 12 - (-2 + 9 + 106 + -117 - 0)?
16
Evaluate (-3 - -4 - (16 + -26 + -18)) + -13.
16
What is the value of -3 - (-9 + 22 - 11) - -6 - (-5 - -52)?
-46
What is 23 - (3 - 2) - ((-22 + 17 - 0) + -1)?
28
Evaluate 299 + -289 + -3 + 1 + -7 + 70 + 1.
72
What is -92 - (-16 + (4 - -3) - (-6 - (5 + -6)))?
-88
What is the value of -10 + 6 - (16 + -24) - 8?
-4
What is 132 - (161 - 37) - (85 - 0) - (-4 + 20)?
-93
39 + -71 + 56 + 2
26
What is the value of -130 - (0 - (-14 + (5 - -3))) - (355 - 354)?
-137
What is -52 + 90 + -3 - (0 + 108)?
-73
14 - 17 - (19 + -32)
10
What is the value of -71 + (34 - 0) + 37?
0
What is -37 + (2 - -7) - (-23 - -37)?
-42
Evaluate -5 - -7 - 6 - (-184 + 137).
43
Calculate (30 - (42 - 44)) + -55.
-23
What is the value of 0 + 4 + 0 + -1 - (1373 + -2284 + 909)?
5
14 + -45 + (-185 - -126)
-90
Evaluate 5 - (-16 + (6 - -6) - -23) - 28.
-42
Evaluate (22 - -3) + 24 + (-30 - (5 - 16)).
30
61 + -1 - (-6482 + 6530)
12
What is 28 + (19 - (37 + -31 + 13))?
28
Calculate -16 + 22 + (175 - 159) + (-35 - -2).
-11
Evaluate 21 + -13 + -19 + 12 + 5 + (9 - -106).
121
Calculate -2 + -2 - (-9 + -14 + 14 + 20).
-15
What is the value of 1285 + -1342 + (0 - (0 + -21))?
-36
-94 + 5 - (-29 - -3)
-63
Calculate 6 - 35 - 2 - (10 - (-14 + 13)).
-42
Calculate 0 - 20 - (-324 - -282) - 15.
7
(-25 - (34 - 30)) + 136 - 8
99
Calculate (3 + -6 + -7 + (37 - 21) - 10) + 7.
3
What is -85 + 131 + -58 + -9?
-21
Calculate 111 + -264 + 164 - (90 - -2).
-81
Evaluate -31 - 1 - (-172 - -141).
-1
Evaluate 28 + (-48 - -42) - 36.
-14
Evaluate (-52 - -3) + (15 - (13 - 21)).
-26
What is the value of (7 - 2 - -12) + (119 - 132) - -32?
36
What is the value of 75 + -17 + -51 + -32?
-25
What is 29 - (33 + 23 + -24 + -19)?
16
Calculate 2 + (-67 - 35) + (-16 - 1).
-117
-6 + (0 + 41 - (-1 - (12 - (-3 + 9))))
42
(-7 - (57 - 53)) + (36 - 3 - 3)
19
31 - (17 - (11 + (3 - 22)))
6
(-9 - (-3 + 11)) + 13 - -26
22
11389 + -11402 - (-94 - -1)
80
Calculate -18 + -23 + (0 - -17) + 38 + (-1 - 49).
-36
What is (5 - 1 - (224 + -223) - 14) + 39?
28
Calculate -13 + -4 + 11 - (0 + (-4 + 4 - 25)).
19
What is 13 + (-2 - (12 + -3 - -2)) + 50?
50
Evaluate 48 - (-68 - -78) - 89.
-51
What is -965 + 930 - (1 + 13)?
-49
(-57 + 35 - -31) + 4 + (-9 - 1) + -82
-79
0 + (9 + -5 - 18) + 27 + -7
6
Calculate 1 + 7 + 901 + -922.
-13
What is -21 + (29 + -26 - (-3 + -5) - (10 + 1))?
-21
Calculate 2 + -9 - (107 + -81 + (-30 - 0)).
-3
Calculate (48 + -36 - (-6 + 4 - 7)) + -8 + 6.
19
What is (-2 + -12 - 2) + (-22 - -22) + (198 - 204)?
-22
What is the value of -21 - ((-45 - 2) + 46)?
-20
What is the value of (8 - (-6 - -16)) + 35 - (-4 + -5 - -4)?
38
(79 + -39 - 30) + 2
12
Evaluate (1 - 5 - (56 - 56 - 18)) + -69.
-55
What is 32 - -194 - (125 + -4)?
105
-17 - (-6 + 4 - (-5 + 5))
-15
Calculate -128 - -119 - (3 + -7 + -49).
44
Calculate (-32 - 3) + 6 + (15 - (6 + 0) - 7).
-27
What is the value of (75 - (13 - -110)) + 45?
-3
What is the value of (-146 + 63 - -60) + 7 + -25?
-41
What is -1 + -3 - (1 + 25 - (-3816 + 3874))?
28
(27 - 13) + (40 - 142 - (-4 + 28))
-112
Evaluate -20 - ((-8 - (-18 + (1 - -7))) + (-16 - -3)).
-9
-47 + 2 - (5 - (-9 - (-5 - 14 - -12)))
-52
What is (109 - (-51 - -311)) + 21?
-130
Calculate 7 + -1 + -4 + (339 - 337).
4
What is the value of -2 - (-17 + 6 + -27 - 2)?
38
Evaluate -8 - (-3 + (2 + 1 - (-28 - (17 + -13)))).
-40
0 + 14 + 2 - 15 - (-7 - -12)
-4
8 - (19 + 4) - (-2 + (-75 - 3))
65
Evaluate -100 + (-19 - 2 - (-93 + 60)).
-88
What is the value of -37 + (9 - (50 - 43 - (-7 + 0)))?
-42
Calculate 15 - (23 - (13 + -15)) - (17 - 35).
8
What is -906 + 939 - (0 + 2 - -2)?
29
What is the value of (12 - (16 + 21 + -20)) + 26?
21
Evaluate 71 + -12 + 45 + -88.
16
What is (-4 - 10) + (26 - 11) - (-3 + 37)?
-33
What is 27 - -18 - (23 + 4)?
18
Evaluate 2 - -2 - (-77 + (0 - 0 - (142 - 157))).
66
Calculate 4 - 1 - (-32 + 93 + 17 - 25).
-50
Calculate (-1 - -18) + -1 - (-84 + -84 + 171).
13
-1 + -12 + 46 - 35
-2
Calculate ((8 - 4) + -7 - 42) + -10 + 54 + -50.
-51
What is (135 - (-20 - -76)) + -108?
-29
Evaluate (20 - (-7 - -2)) + -337 + 425.
113
Calculate (-16 - (-8 - 1) - (-2 - 35)) + -26 + 19.
23
Evaluate 3 + -6 - (-16 - (-20 - (5 + -15))).
3
What is the value of 38 + (15 + 5 + -6 - -17)?
69
What is the value of 0 + -6 + (-30 - 41) + 42?
-35
What is 1 - 3 - 3 - (-24 - (1 + 13 + -78))?
-45
What is (129 - 13) + -45 + -22?
49
Calculate (-30 + 2 - 3) + -2.
-33
What is the value of -7 + 1 - (-34 + 8 - -32)?
-12
What is 6 + 38 + (-809 - -693)?
-72
What is the value of -28 + 20 + 1 - (20 + -16 - (-1 + -26))?
-38
What is 868 + -814 - (102 + -1)?
-47
What is the value of (13 + 27 - 26) + -30 - -113?
97
Evaluate -2348 + 2351 + 1 + 23.
27
Evaluate 2 + (52 + 1 - (31 - (24 + -4))).
44
What is the value of -29 - (-37 + -63 + 87)?
-16
Calculate (-68 + 35 - -39) + -3.
3
25 + (5 - 73) + 21
-22
Calculate 11 - ((122 - 137) + 11 + -1) - (5 + 5).
6
What is the value of 22 + 0 + -18 + 12 + -1 + -11 + 26?
30
Evaluate -7 + (-1837 + 1825 - (-36 + -2 - -1)).
18
What is the value of -91 + 32 + -3 + 30?
-32
Calculate -16 - (-11 + (-68 - (-15 + 2)) + 16).
34
336 - 307 - (4 - 11) - -42
78
What is 22 + -30 + 53 + -53 - -14?
6
Evaluate 3 - (-68 + (-10 - (21 + -35))).
67
What is the value of 2 - (3 + (10 + 5 + -2 - 12))?
-2
(0 - (0 - 6)) + (-15007 - -15018) + 102
119
What is the value of (60 - 0) + (-32 + -2 + 14 - -11) + 2?
53
What is (2 - (-32 + 18 + 0)) + (1 - -14)?
31
What is the value of 18 + (16 - (45 - 20)) - 4?
5
Calculate -31 + 11 + 58 + -96.
-58
Evaluate 1 - 20 - ((61 - 38) + 10 + -32).
-20
What is -159 - -119 - (-3 - 29) - 50?
-58
Evaluate (8 - -5) + (-59 - -3 - -17).
-26
What is the value of (5 - (-48 + -6)) + -37 + 14 + 16?
52
Evaluate -6 + 9 + (33 - -1) - (-14 - (-7 - -8)).
52
What is (-139 - -198) + (-104 - -20)?